311
Suppose 5*c + 36 = f, 8*c - f + 28 = 4*c. Let b(l) = -3*l**2 - 7*l - 30. Let t be b(c). Let q = t - -356. What are the prime factors of q?
2, 5, 19
Let v be ((-34)/17)/(2/(-3)). Suppose 5*x + 7*i = v*i + 1729, x - i - 353 = 0. List the prime factors of x.
349
Let t = 159 + -147. What are the prime factors of 12*(5 - (-333)/t)?
3, 131
Suppose 0 = 18930*x - 18957*x + 126657. What are the prime factors of x?
4691
Let u = 586 - 823. Suppose 4350 = 173*q - 202*q. Let b = q - u. List the prime factors of b.
3, 29
Let t(c) = -7934*c + 14. Let n be t(-3). Suppose -9241 = 5*s - n. List the prime factors of (-4 - -2)/(s/585 - 5).
3, 13
Suppose 3*n - 3*v = v - 257, 4*n = -2*v - 306. Let h(l) = 2*l - 160. Let u be h(0). Let w = n - u. List the prime factors of w.
3
Suppose -717 - 53985 = -27*v. Suppose 2*w + 3*d = 2*d + v, 3049 = 3*w + 4*d. What are the prime factors of w?
3, 337
Let q = 1895 - -11096. List the prime factors of q.
11, 1181
Let g = -43327 - -63674. What are the prime factors of g?
20347
Suppose 165528 = -3*o - 21*o. What are the prime factors of (-82)/656 - o/8?
2, 431
Suppose -2*f = -5*z + 2485, 0 = 3*z + 5*f - 0*f - 1491. Suppose 0 = -7*t + 3661 - z. List the prime factors of t.
2, 113
Let b = -357 + 560. Let h = b - 338. List the prime factors of (-860)/(-18) + (-30)/h.
2, 3
Let x be (-15)/10*(-236)/3. Suppose 5*k + 2*c + x = 0, 3*k + 77 = 7*c - 2*c. What are the prime factors of (0 - 68/6)*36/k?
17
Let j(x) = -4*x - 62. Let h be j(-16). Suppose -1943 = -3*y + h*k - 6*k, 0 = 5*k + 20. List the prime factors of y.
653
Suppose 0 = -32*g - 189288 + 1083240. List the prime factors of g.
2, 3, 97
What are the prime factors of ((-28)/21)/((-16)/58056)?
2, 41, 59
Let z(c) = 387*c**2 + 74*c + 72. What are the prime factors of z(-11)?
5, 13, 709
Let h = -6124 - -10675. Suppose 0 = 4*p + z - 6068, -z + 2*z = -3*p + h. List the prime factors of p.
37, 41
Suppose -5*t - 3*b + 120194 = 0, -4*t - 1749*b + 96176 = -1744*b. What are the prime factors of t?
2, 61, 197
Let d be 0/(-3*(-3)/(-9)). Suppose -2*m + 174 = m - 3*z, -z + 2 = d. List the prime factors of 2/(-15) - (-4808)/m.
2, 5
Let c(g) = -27*g**3 + g**2 - g - 1. Suppose 31 = d + 62. Let j = d + 29. What are the prime factors of c(j)?
13, 17
Suppose 0*o + 2*o = -16*o. Suppose o = 7*r - 15*r + 3952. What are the prime factors of r?
2, 13, 19
Let m(u) = 3*u**3 - 60*u**2 - 51*u + 206. List the prime factors of m(33).
2, 103, 199
Suppose 0 = 5*s - 39 - 26. Let d = s + 30. Suppose -3*b + 215 = -d. List the prime factors of b.
2, 43
Let n(f) = 297*f**2 + 20*f - 97. Let t be n(9). Suppose 33*v = -t + 67931. List the prime factors of v.
1327
Let n be (5/4)/((15/(-12))/(-5)). Let d(k) = -k**3 + 2*k**2 + 17*k - 7. Let r be d(n). Suppose -r*u - 4*u = -105. What are the prime factors of u?
3, 5
Let q(c) be the first derivative of 5*c**3/3 - 8*c**2 + 70*c + 205. What are the prime factors of q(-15)?
5, 7, 41
Suppose 11*o - 6*o = 5*w + 13100, 4*o + 4*w = 10496. Suppose -5*d = 5*t - 7*d - 4376, 0 = 3*t - 3*d - o. List the prime factors of t.
2, 3, 73
Let r(s) = -76*s + 89*s + 2 + 4. Let z(y) = y**2 + 3*y + 2. Let i be z(-3). What are the prime factors of r(i)?
2
Let n(u) = -410*u + 799. What are the prime factors of n(-4)?
3, 271
Let m(z) = -14*z + 57. Let c be m(7). What are the prime factors of (4 + c/2)*124/(-3)?
2, 11, 31
Suppose 0 = 10*a - 18 - 12. Suppose 0 = -2*l + 5*u + 16, 2*u = -2*l - a*u - 4. Suppose -n = 4*n - 4*w - 427, -5*n = -l*w - 424. What are the prime factors of n?
83
Suppose -t = t + 8, -5*y = -2*t + 17. Let c = y - 3. List the prime factors of 2 - (30/c + (-3)/(-4)).
5
Let j be (10 + (3 - 2))*-7. Let r = j + 81. Suppose -w = r*b - 204, 2*b - 4*b + 5*w = -124. What are the prime factors of b?
2, 13
Let y(h) = 22*h + h**2 - 2*h**2 + 223 - 196. Let j be y(23). Suppose -j*g + 564 = -2*p, 6*g - 540 = 2*g - 4*p. List the prime factors of g.
139
Let i be 12/(-42) + 3/((-21)/124). List the prime factors of (158/(-2))/(i/90).
5, 79
Let o(y) = -22*y**2 + 14*y - 18. Let x be o(5). Let w = x + 937. List the prime factors of w.
439
Suppose -5*m - 28 = -3*t, -m + 53 = 5*t - 3*m. List the prime factors of 13*1*t/(55/100).
2, 5, 13
Let c be ((-6)/(-12)*33)/((-1)/(-2)). Suppose 0 = -z + 2*p - 27, z + c - 6 = -2*p. List the prime factors of 210 - ((-1)/3)/(3/z).
3, 23
Let f be ((0 - 60/18) + 3)*-15. What are the prime factors of f*-136*(16 + (-672)/40)?
2, 17
Let r(q) = 5*q**3 + 321*q**2 - 146*q - 101. What are the prime factors of r(-64)?
13339
Let v(y) = -200*y - 486. List the prime factors of v(-5).
2, 257
List the prime factors of ((-135)/10)/(84/(-8344)).
3, 149
Let m = 29055 + -20143. List the prime factors of m.
2, 557
Let l = -513 - -514. Suppose -x = 2*a - 1053, -l = -0*a + a. What are the prime factors of x?
5, 211
Suppose -3*n = -2*n - 5, -3*f - 2*n = -1. Let r be f*-5*1/3. Suppose -r*s + 354 = -4*u, 2*s + 2*u - 164 = -2*u. List the prime factors of s.
2, 37
Let l = -4317 + 16438. What are the prime factors of l?
17, 23, 31
Let o(l) = -43 - 4*l**2 - 253*l**3 - 10*l + 251*l**3 + 3*l**2. What are the prime factors of o(-7)?
2, 83
Suppose -15 = 3*j, 3*p - j + 1525 = -0*j. Let a = -159 - p. Suppose 4*m + 39 = 2*i + a, 5*i = 5*m - 395. List the prime factors of m.
7, 11
Suppose 9*x + 4 = 40. Suppose -2*q + 2 = d, -4*d = -x*q - 0*q - 8. List the prime factors of (q + 3 + 22)*(-42)/(-10).
3, 5, 7
Let b = 12699 + -6584. What are the prime factors of b?
5, 1223
Let y(n) = -3*n + 48. Let z be y(16). Suppose 0*d + 4*d + 5*c - 679 = z, 0 = d + 3*c - 175. Suppose d = -4*m + 498. What are the prime factors of m?
83
Let m(l) = 5*l**3 + l**2 + 2*l - 3. Let h be m(1). Suppose -9*s + 392 = h*s. List the prime factors of (-3)/9 - 68*s/(-24).
79
Let g(p) = -7*p**3 - 13*p**3 - p**2 - 1 - p**3. Suppose -5*s = -2*n - 17, -3*n + 43*s - 39*s - 15 = 0. What are the prime factors of g(n)?
19
Let m(o) = -2766*o**3 + 8*o**2 + 11*o + 3. What are the prime factors of m(-1)?
2, 3, 461
Let j be (1/(-2) - 21/(-18))*18. What are the prime factors of (-4)/10 + j/(240/12988)?
11, 59
Let a = 358 - 385. Let l(b) = -22*b + 217. List the prime factors of l(a).
811
Let j = 153523 - 106912. List the prime factors of j.
3, 5179
Let k(b) = 6*b**2 + 11*b - 13. Let i be (-89)/(-13) + (-70)/(-455). What are the prime factors of k(i)?
2, 179
Suppose -65 = -y - 64. What are the prime factors of (-53)/y*(-171)/(63/7)?
19, 53
Suppose 5*q + 360790 = 5*v, -41*v = -36*v - q - 360754. List the prime factors of v.
7, 11, 937
Let c be (2 + 42 - -3)*(-3 + 4). Let p = c + -48. Let t(x) = 73*x**2 - 11*x - 10. What are the prime factors of t(p)?
2, 37
Let x = -6 - -1. Let d be 28*(x/(-2) - -4). Suppose -4*s = -2*l + d, 0*l - 3*s - 184 = -2*l. What are the prime factors of l?
5, 19
Let k(o) = 6*o**2 + 16*o. Let l be k(-8). Suppose -4*p - 64 = -u, 2*p = -4*u + 4*p + l. Suppose -742 = -6*q - u. List the prime factors of q.
113
Let n(q) = -20*q + 142. Let s be n(7). Suppose -a + 1335 = 3*g + s*a, 0 = 3*a - 12. List the prime factors of g.
3, 7
Let b(z) = 12*z**3 + 8*z**2 - 10*z + 31. Let i(j) = 28*j - 219. Let q be i(8). List the prime factors of b(q).
41
Let h(v) = v**3 - 4*v**2 - 3*v - 7. Let w be h(5). Let p be w/(-3) - (4 - 8). Suppose 55 = t - p. List the prime factors of t.
2, 29
Let b(q) = 105*q**2 + 1475*q + 19. What are the prime factors of b(9)?
21799
Suppose 22 = z + 2*h - 1631, 5*h - 3310 = -2*z. What are the prime factors of z?
5, 7, 47
Let s(t) = 4*t**2 - 5*t - 30. Let o(j) = -11*j - 108. Let x be o(-9). List the prime factors of s(x).
3, 113
Let h = -9833 - -24408. List the prime factors of h.
5, 11, 53
Let g = 51 + -22. Let f = 40 - g. Suppose -k + f - 6 = 0. What are the prime factors of k?
5
Let l = 6175 - 4349. Suppose 0 = 19*b - 10433 + l. What are the prime factors of b?
3, 151
Let x(z) = -z + 12. Let u be x(12). Let o(l) = 3*l**2 - 26*l - 12. Let n be o(-9). Suppose u*c + n = 5*c. What are the prime factors of c?
3, 31
Let v(p) = -2*p + 36. Let w be v(16). Suppose -j - 5*i + 296 = -i, w*j - 1260 = 3*i. Suppose 5*n - j = -3*k + 2*n, 84 = k + 5*n. List the prime factors of k.
109
Let u be (-102)/4*6/(-3). Suppose -2*a = -a - 2*p - 14, u = 4*a - 3*p. List the prime factors of (a/(-16))/((-1)/32).
2, 3
Suppose -61548 = -49*f + 210108